[INFO] cloning repository https://github.com/avetiso/Rust_Seam_Carver
[INFO] running `Command { std: "git" "-c" "credential.helper=" "-c" "credential.helper=/workspace/cargo-home/bin/git-credential-null" "clone" "--bare" "https://github.com/avetiso/Rust_Seam_Carver" "/workspace/cache/git-repos/https%3A%2F%2Fgithub.com%2Favetiso%2FRust_Seam_Carver", kill_on_drop: false }`
[INFO] [stderr] Cloning into bare repository '/workspace/cache/git-repos/https%3A%2F%2Fgithub.com%2Favetiso%2FRust_Seam_Carver'...
[INFO] running `Command { std: "git" "rev-parse" "HEAD", kill_on_drop: false }`
[INFO] [stdout] 6e4c9ae9eff9e6b7d58cb51e35e95dda0bbe377c
[INFO] checking avetiso/Rust_Seam_Carver against try#72f88fc4e9458f89516a0b8b0868f3718aec5b47 for pr-74989
[INFO] running `Command { std: "git" "clone" "/workspace/cache/git-repos/https%3A%2F%2Fgithub.com%2Favetiso%2FRust_Seam_Carver" "/workspace/builds/worker-10/source", kill_on_drop: false }`
[INFO] [stderr] Cloning into '/workspace/builds/worker-10/source'...
[INFO] [stderr] done.
[INFO] validating manifest of git repo https://github.com/avetiso/Rust_Seam_Carver on toolchain 72f88fc4e9458f89516a0b8b0868f3718aec5b47
[INFO] running `Command { std: "/workspace/cargo-home/bin/cargo" "+72f88fc4e9458f89516a0b8b0868f3718aec5b47" "read-manifest" "--manifest-path" "Cargo.toml", kill_on_drop: false }`
[INFO] started tweaking git repo https://github.com/avetiso/Rust_Seam_Carver
[INFO] finished tweaking git repo https://github.com/avetiso/Rust_Seam_Carver
[INFO] tweaked toml for git repo https://github.com/avetiso/Rust_Seam_Carver written to /workspace/builds/worker-10/source/Cargo.toml
[INFO] crate git repo https://github.com/avetiso/Rust_Seam_Carver already has a lockfile, it will not be regenerated
[INFO] running `Command { std: "/workspace/cargo-home/bin/cargo" "+72f88fc4e9458f89516a0b8b0868f3718aec5b47" "fetch" "--locked" "--manifest-path" "Cargo.toml", kill_on_drop: false }`
[INFO] [stderr]     Blocking waiting for file lock on package cache
[INFO] [stderr]     Blocking waiting for file lock on package cache
[INFO] running `Command { std: "docker" "create" "-v" "/var/lib/crater-agent-workspace/builds/worker-10/target:/opt/rustwide/target:rw,Z" "-v" "/var/lib/crater-agent-workspace/builds/worker-10/source:/opt/rustwide/workdir:ro,Z" "-v" "/var/lib/crater-agent-workspace/cargo-home:/opt/rustwide/cargo-home:ro,Z" "-v" "/var/lib/crater-agent-workspace/rustup-home:/opt/rustwide/rustup-home:ro,Z" "-e" "SOURCE_DIR=/opt/rustwide/workdir" "-e" "CARGO_TARGET_DIR=/opt/rustwide/target" "-e" "CARGO_HOME=/opt/rustwide/cargo-home" "-e" "RUSTUP_HOME=/opt/rustwide/rustup-home" "-w" "/opt/rustwide/workdir" "-m" "1610612736" "--user" "0:0" "--network" "none" "rustops/crates-build-env@sha256:d92eaeed33fa75130ca1ee6c8a01d1ffb62bac859dfdfb3450e3e5d1c0146529" "/opt/rustwide/cargo-home/bin/cargo" "+72f88fc4e9458f89516a0b8b0868f3718aec5b47" "metadata" "--no-deps" "--format-version=1", kill_on_drop: false }`
[INFO] [stderr] WARNING: Your kernel does not support swap limit capabilities or the cgroup is not mounted. Memory limited without swap.
[INFO] [stdout] 6de7749309d5dce49ca97d581d573bcee65c23ec831f8d1cce806f5c41df256f
[INFO] running `Command { std: "docker" "start" "-a" "6de7749309d5dce49ca97d581d573bcee65c23ec831f8d1cce806f5c41df256f", kill_on_drop: false }`
[INFO] running `Command { std: "docker" "inspect" "6de7749309d5dce49ca97d581d573bcee65c23ec831f8d1cce806f5c41df256f", kill_on_drop: false }`
[INFO] running `Command { std: "docker" "rm" "-f" "6de7749309d5dce49ca97d581d573bcee65c23ec831f8d1cce806f5c41df256f", kill_on_drop: false }`
[INFO] [stdout] 6de7749309d5dce49ca97d581d573bcee65c23ec831f8d1cce806f5c41df256f
[INFO] running `Command { std: "docker" "create" "-v" "/var/lib/crater-agent-workspace/builds/worker-10/target:/opt/rustwide/target:rw,Z" "-v" "/var/lib/crater-agent-workspace/builds/worker-10/source:/opt/rustwide/workdir:ro,Z" "-v" "/var/lib/crater-agent-workspace/cargo-home:/opt/rustwide/cargo-home:ro,Z" "-v" "/var/lib/crater-agent-workspace/rustup-home:/opt/rustwide/rustup-home:ro,Z" "-e" "SOURCE_DIR=/opt/rustwide/workdir" "-e" "CARGO_TARGET_DIR=/opt/rustwide/target" "-e" "CARGO_INCREMENTAL=0" "-e" "RUST_BACKTRACE=full" "-e" "RUSTFLAGS=--cap-lints=forbid" "-e" "CARGO_HOME=/opt/rustwide/cargo-home" "-e" "RUSTUP_HOME=/opt/rustwide/rustup-home" "-w" "/opt/rustwide/workdir" "-m" "1610612736" "--user" "0:0" "--network" "none" "rustops/crates-build-env@sha256:d92eaeed33fa75130ca1ee6c8a01d1ffb62bac859dfdfb3450e3e5d1c0146529" "/opt/rustwide/cargo-home/bin/cargo" "+72f88fc4e9458f89516a0b8b0868f3718aec5b47" "check" "--frozen" "--all" "--all-targets" "--message-format=json", kill_on_drop: false }`
[INFO] [stdout] b18399c21ff3904f63c4db4244b60f70aac4fb53bdb69651f45937f0b9bcff38
[INFO] [stderr] WARNING: Your kernel does not support swap limit capabilities or the cgroup is not mounted. Memory limited without swap.
[INFO] running `Command { std: "docker" "start" "-a" "b18399c21ff3904f63c4db4244b60f70aac4fb53bdb69651f45937f0b9bcff38", kill_on_drop: false }`
[INFO] [stderr]     Checking cfg-if v0.1.3
[INFO] [stderr]    Compiling num-integer v0.1.39
[INFO] [stderr]     Checking lazy_static v1.0.1
[INFO] [stderr]    Compiling rayon-core v1.4.0
[INFO] [stderr]     Checking byteorder v1.2.3
[INFO] [stderr]     Checking either v1.5.0
[INFO] [stderr]     Checking bitflags v1.0.3
[INFO] [stderr]     Checking inflate v0.4.2
[INFO] [stderr]     Checking gif v0.10.0
[INFO] [stderr]     Checking num_cpus v1.8.0
[INFO] [stderr]     Checking rand v0.4.2
[INFO] [stderr]    Compiling proc-macro2 v0.4.6
[INFO] [stderr]     Checking arrayvec v0.4.7
[INFO] [stderr]     Checking crossbeam-utils v0.2.2
[INFO] [stderr]     Checking deflate v0.7.18
[INFO] [stderr]     Checking crossbeam-epoch v0.3.1
[INFO] [stderr]    Compiling quote v0.6.3
[INFO] [stderr]    Compiling syn v0.14.2
[INFO] [stderr]     Checking num-iter v0.1.37
[INFO] [stderr]     Checking num-rational v0.1.42
[INFO] [stderr]     Checking crossbeam-deque v0.2.0
[INFO] [stderr]     Checking png v0.12.0
[INFO] [stderr]     Checking rayon v1.0.1
[INFO] [stderr]     Checking jpeg-decoder v0.1.15
[INFO] [stderr]    Compiling num-derive v0.2.2
[INFO] [stderr]     Checking image v0.19.0
[INFO] [stderr]     Checking rust_seam_carving v0.1.0 (/opt/rustwide/workdir)
[INFO] [stdout] error[E0308]: mismatched types
[INFO] [stdout]   --> src/main.rs:72:28
[INFO] [stdout]    |
[INFO] [stdout] 72 |             energy_img.put_pixel(temp_pixel_val, i, j);
[INFO] [stdout]    |                                  ^^^^^^^^^^^^^^
[INFO] [stdout]    |                                  |
[INFO] [stdout]    |                                  expected `u32`, found `u8`
[INFO] [stdout]    |                                  help: you can convert an `u8` to `u32`: `temp_pixel_val.into()`
[INFO] [stdout] 
[INFO] [stdout] 
[INFO] [stdout] error[E0308]: mismatched types
[INFO] [stdout]   --> src/main.rs:72:44
[INFO] [stdout]    |
[INFO] [stdout] 72 |             energy_img.put_pixel(temp_pixel_val, i, j);
[INFO] [stdout]    |                                                  ^ expected `u32`, found `usize`
[INFO] [stdout]    |
[INFO] [stdout] help: you can convert an `usize` to `u32` and panic if the converted value wouldn't fit
[INFO] [stdout]    |
[INFO] [stdout] 72 |             energy_img.put_pixel(temp_pixel_val, i.try_into().unwrap(), j);
[INFO] [stdout]    |                                                  ^^^^^^^^^^^^^^^^^^^^^
[INFO] [stdout] 
[INFO] [stdout] 
[INFO] [stdout] error[E0308]: mismatched types
[INFO] [stdout]   --> src/main.rs:72:28
[INFO] [stdout]    |
[INFO] [stdout] 72 |             energy_img.put_pixel(temp_pixel_val, i, j);
[INFO] [stdout]    |                                  ^^^^^^^^^^^^^^
[INFO] [stdout]    |                                  |
[INFO] [stdout]    |                                  expected `u32`, found `u8`
[INFO] [stdout]    |                                  help: you can convert an `u8` to `u32`: `temp_pixel_val.into()`
[INFO] [stdout] 
[INFO] [stdout] 
[INFO] [stdout] error[E0308]: mismatched types
[INFO] [stdout]   --> src/main.rs:72:44
[INFO] [stdout]    |
[INFO] [stdout] 72 |             energy_img.put_pixel(temp_pixel_val, i, j);
[INFO] [stdout]    |                                                  ^ expected `u32`, found `usize`
[INFO] [stdout]    |
[INFO] [stdout] help: you can convert an `usize` to `u32` and panic if the converted value wouldn't fit
[INFO] [stdout]    |
[INFO] [stdout] 72 |             energy_img.put_pixel(temp_pixel_val, i.try_into().unwrap(), j);
[INFO] [stdout]    |                                                  ^^^^^^^^^^^^^^^^^^^^^
[INFO] [stdout] 
[INFO] [stdout] 
[INFO] [stdout] error[E0308]: mismatched types
[INFO] [stdout]   --> src/main.rs:72:47
[INFO] [stdout]    |
[INFO] [stdout] 72 |             energy_img.put_pixel(temp_pixel_val, i, j);
[INFO] [stdout]    |                                                     ^ expected struct `Rgba`, found `usize`
[INFO] [stdout]    |
[INFO] [stdout]    = note: expected struct `Rgba<u8>`
[INFO] [stdout]                 found type `usize`
[INFO] [stdout] 
[INFO] [stdout] 
[INFO] [stdout] error: aborting due to 3 previous errors
[INFO] [stdout] 
[INFO] [stdout] 
[INFO] [stdout] For more information about this error, try `rustc --explain E0308`.
[INFO] [stdout] 
[INFO] [stderr] error: could not compile `rust_seam_carving`.
[INFO] [stderr] 
[INFO] [stderr] To learn more, run the command again with --verbose.
[INFO] [stderr] warning: build failed, waiting for other jobs to finish...
[INFO] [stdout] error[E0308]: mismatched types
[INFO] [stdout]   --> src/main.rs:72:47
[INFO] [stdout]    |
[INFO] [stdout] 72 |             energy_img.put_pixel(temp_pixel_val, i, j);
[INFO] [stdout]    |                                                     ^ expected struct `Rgba`, found `usize`
[INFO] [stdout]    |
[INFO] [stdout]    = note: expected struct `Rgba<u8>`
[INFO] [stdout]                 found type `usize`
[INFO] [stdout] 
[INFO] [stdout] 
[INFO] [stdout] error: aborting due to 3 previous errors
[INFO] [stdout] 
[INFO] [stdout] 
[INFO] [stdout] For more information about this error, try `rustc --explain E0308`.
[INFO] [stdout] 
[INFO] [stderr] error: build failed
[INFO] running `Command { std: "docker" "inspect" "b18399c21ff3904f63c4db4244b60f70aac4fb53bdb69651f45937f0b9bcff38", kill_on_drop: false }`
[INFO] running `Command { std: "docker" "rm" "-f" "b18399c21ff3904f63c4db4244b60f70aac4fb53bdb69651f45937f0b9bcff38", kill_on_drop: false }`
[INFO] [stdout] b18399c21ff3904f63c4db4244b60f70aac4fb53bdb69651f45937f0b9bcff38
